r when 732570 is divided by 66597?
3
What is the remainder when 1162687 is divided by 74?
73
Calculate the remainder when 26669 is divided by 606.
5
What is the remainder when 284436 is divided by 104?
100
What is the remainder when 251509 is divided by 55?
49
Calculate the remainder when 3161 is divided by 784.
25
Calculate the remainder when 25753 is divided by 14.
7
Calculate the remainder when 2373 is divided by 342.
321
What is the remainder when 250757 is divided by 333?
8
What is the remainder when 3656 is divided by 1817?
22
Calculate the remainder when 150686 is divided by 1288.
1278
Calculate the remainder when 19183 is divided by 2397.
7
Calculate the remainder when 147496 is divided by 11.
8
What is the remainder when 414336 is divided by 123?
72
Calculate the remainder when 824997 is divided by 43.
42
Calculate the remainder when 3466 is divided by 340.
66
What is the remainder when 416648 is divided by 19?
16
What is the remainder when 2195369 is divided by 271?
269
Calculate the remainder when 14027 is divided by 2002.
13
What is the remainder when 10654 is divided by 2638?
102
What is the remainder when 1658 is divided by 118?
6
Calculate the remainder when 158429 is divided by 1182.
41
What is the remainder when 4551 is divided by 12?
3
Calculate the remainder when 7348 is divided by 6615.
733
Calculate the remainder when 153256 is divided by 169.
142
What is the remainder when 73677 is divided by 52?
45
What is the remainder when 4351 is divided by 278?
181
What is the remainder when 87283 is divided by 2030?
2023
Calculate the remainder when 20727 is divided by 43.
1
Calculate the remainder when 80926 is divided by 48.
46
What is the remainder when 211 is divided by 202?
9
What is the remainder when 2381018 is divided by 235?
233
What is the remainder when 186959 is divided by 40?
39
Calculate the remainder when 5704 is divided by 2338.
1028
Calculate the remainder when 379842 is divided by 69.
66
What is the remainder when 19104 is divided by 8?
0
What is the remainder when 20819 is divided by 473?
7
Calculate the remainder when 5124 is divided by 358.
112
What is the remainder when 2722 is divided by 98?
76
Calculate the remainder when 69106 is divided by 39.
37
What is the remainder when 35855 is divided by 520?
495
What is the remainder when 39537 is divided by 28?
1
What is the remainder when 2123 is divided by 1051?
21
What is the remainder when 10391 is divided by 418?
359
Calculate the remainder when 5308 is divided by 404.
56
What is the remainder when 10633 is divided by 152?
145
What is the remainder when 106713 is divided by 7?
5
What is the remainder when 224601 is divided by 153?
150
What is the remainder when 65029 is divided by 32480?
69
What is the remainder when 44491 is divided by 53?
24
What is the remainder when 452 is divided by 262?
190
What is the remainder when 22444 is divided by 7463?
55
What is the remainder when 4803 is divided by 4561?
242
What is the remainder when 18811 is divided by 6247?
70
Calculate the remainder when 382260 is divided by 568.
564
Calculate the remainder when 290631 is divided by 1875.
6
What is the remainder when 2402642 is divided by 21?
11
Calculate the remainder when 72926 is divided by 37.
36
What is the remainder when 1525986 is divided by 949?
943
What is the remainder when 316823 is divided by 314?
311
Calculate the remainder when 3700 is divided by 427.
284
What is the remainder when 16874 is divided by 27?
26
Calculate the remainder when 1057728 is divided by 190.
188
Calculate the remainder when 16191 is divided by 16034.
157
Calculate the remainder when 536005 is divided by 582.
565
Calculate the remainder when 40822 is divided by 42.
40
What is the remainder when 25858 is divided by 153?
1
Calculate the remainder when 49388 is divided by 14.
10
Calculate the remainder when 1542407 is divided by 42.
41
Calculate the remainder when 80534 is divided by 98.
76
Calculate the remainder when 11930 is divided by 97.
96
Calculate the remainder when 28777 is divided by 28671.
106
What is the remainder when 1695663 is divided by 42?
39
Calculate the remainder when 4422 is divided by 33.
0
Calculate the remainder when 209621 is divided by 187.
181
What is the remainder when 2967 is divided by 489?
33
What is the remainder when 1240 is divided by 97?
76
Calculate the remainder when 52126 is divided by 49.
39
What is the remainder when 639 is divided by 536?
103
What is the remainder when 14919 is divided by 25?
19
What is the remainder when 1498 is divided by 126?
112
Calculate the remainder when 214764 is divided by 1545.
9
What is the remainder when 41661 is divided by 4624?
45
What is the remainder when 19135 is divided by 1481?
1363
Calculate the remainder when 117486 is divided by 1865.
1856
Calculate the remainder when 26193 is divided by 569.
19
What is the remainder when 2357470 is divided by 104?
102
Calculate the remainder when 89963 is divided by 126.
125
What is the remainder when 1913 is divided by 311?
47
Calculate the remainder when 8034 is divided by 146.
4
Calculate the remainder when 13029 is divided by 544.
517
What is the remainder when 14342 is divided by 1099?
55
Calculate the remainder when 2198 is divided by 545.
18
Calculate the remainder when 14922 is divided by 448.
138
Calculate the remainder when 143942 is divided by 11991.
50
Calculate the remainder when 27995 is divided by 2.
1
What is the remainder when 76897 is divided by 20?
17
What is the remainder when 25483 is divided by 23?
22
What is the remainder when 1814 is divided by 902?
10
What is the remainder when 9144 is divided by 480?
24
Calculate the remainder when 35086 is divided by 284.
154
What is the remainder when 42024 is divided by 539?
521
Calculate the remainder when 3941423 is divided by 72.
71
What is the remainder when 28533 is divided by 7126?
29
Calculate the remainder when 136614 is divided by 68275.
64
Calculate the remainder when 22577 is divided by 13.
9
Calculate the remainder when 19336 is divided by 4829.
20
Calculate the remainder when 99286 is divided by 253.
110
Calculate the remainder when 2365 is divided by 429.
220
Calculate the remainder when 43562 is divided by 50.
12
What is the remainder when 264698 is divided by 774?
764
What is the remainder when 66942 is divided by 422?
266
What is the remainder when 125635 is divided by 7?
6
What is the remainder when 21073 is divided by 46?
5
Calculate the remainder when 7681 is divided by 555.
466
What is the remainder when 12514 is divided by 3?
1
Calculate the remainder when 23419 is divided by 7803.
10
What is the remainder when 61595 is divided by 30797?
1
Calculate the remainder when 23946 is divided by 328.
2
Calculate the remainder when 4661 is divided by 2321.
19
What is the remainder when 936 is divided by 46?
16
Calculate the remainder when 1303 is divided by 300.
103
What is the remainder when 625150 is divided by 37?
35
What is the remainder when 2999755 is divided by 16?
11
Calculate the remainder when 3648 is divided by 609.
603
What is the remainder when 1786 is divided by 483?
337
What is the remainder when 64922 is divided by 1803?
14
What is the remainder when 1655 is divided by 579?
497
What is the remainder when 2988 is divided by 17?
13
Calculate the remainder when 14347 is divided by 575.
547
What is the remainder when 4411 is divided by 91?
43
Calculate the remainder when 10601 is divided by 393.
383
What is the remainder when 1233 is divided by 51?
9
What is the remainder when 19170 is divided by 15?
0
Calculate the remainder when 952 is divided by 321.
310
Calculate the remainder when 346369 is divided by 49.
37
Calculate the remainder when 72768 is divided by 117.
111
What is the remainder when 3488 is divided by 162?
86
Calculate the remainder when 125083 is divided by 80.
43
Calculate the remainder when 1091 is divided by 8.
3
What is the remainder when 3161913 is divided by 27?
24
What is the remainder when 4125 is divided by 35?
30
Calculate the remainder when 3525 is divided by 282.
141
Calculate the remainder when 229247 is divided by 35.
32
Calculate the remainder when 2865 is divided by 542.
155
Calculate the remainder when 51618 is divided by 361.
356
Calculate the remainder when 